. Let h(o) = 5*o**2 - 10*o + 4. Let z(f) = -2*h(f) - 3*l(f). Let v = 31 - 20. Calculate the remainder when z(7) is divided by v.
10
Let a(f) = -f**3 - 5*f**2 + f + 3. Let z = -26 - -68. Let t = z + -25. What is the remainder when a(-6) is divided by t?
16
Let p = 29 - 20. What is the remainder when 17 - 2/(1*2) is divided by p?
7
Suppose z = 3*l + 4*z - 21, z + 33 = 4*l. Suppose -4*k = -7*k - 21. Let q = k - -12. Calculate the remainder when l is divided by q.
3
Suppose -2*j = -g - 187 - 12, 505 = 5*j - 5*g. Calculate the remainder when j is divided by 34.
30
Suppose 0 + 22 = 2*x. Let a(f) = f**2 - f + 1. What is the remainder when a(5) is divided by x?
10
Suppose -2*v + 3*v + 10 = 0. Let c = v + 20. What is the remainder when 39 is divided by c?
9
Let b = 123 + -78. Suppose -77 = -4*q + 19. Calculate the remainder when b is divided by q.
21
Let t(j) = -6*j + 3. Let r be t(2). Let k = r - -34. Calculate the remainder when k is divided by 9.
7
Let b = 6 + -4. Suppose 2 = -2*d + 10. What is the remainder when d is divided by b?
0
Let u = 36 + -30. Calculate the remainder when 34 is divided by u.
4
Let b = -21 - -25. Calculate the remainder when 4 is divided by b.
0
Suppose -30 = -21*v + 20*v. Calculate the remainder when 88 is divided by v.
28
Suppose d - 50 = -d - 4*f, 5*d = 5*f + 50. What is the remainder when d is divided by 6?
3
Let r(t) = -23*t - 3. Let f(q) = 11*q + 159. Calculate the remainder when r(-5) is divided by f(-11).
36
Suppose -2*j - 5 = 3. Calculate the remainder when (3 - 1)/(j/(-68)) is divided by 12.
10
Let n(w) be the first derivative of w**3/3 - 11*w**2/2 + 8*w - 3. Suppose 0 = 3*b + 16 - 58. What is the remainder when b is divided by n(11)?
6
Let c = 28 - 18. What is the remainder when c is divided by 6?
4
Let v = 0 - -2. Suppose q + q = v. What is the remainder when q is divided by 1?
0
Suppose -19*t + 279 = -10*t. Calculate the remainder when t is divided by 17.
14
Let c = -191 + 208. Calculate the remainder when 168 is divided by c.
15
Suppose -k + 4 = -82. What is the remainder when k is divided by 22?
20
Suppose -5*p + 5*y = 94 - 274, -3*p + 106 = -5*y. Calculate the remainder when p is divided by 20.
17
Let r(w) = 2*w - 6. Let g be r(5). Suppose g*j = 3*j + 2. Suppose -j = 3*q - 4*q. Calculate the remainder when q is divided by 1.
0
Let o(a) = 10*a**2 + a + a**3 + 4*a + 3 - 2*a**2. Suppose 0 = 2*x + 2*x - 8, h - 4*x + 15 = 0. What is the remainder when 49 is divided by o(h)?
15
Suppose -21*h - 21 = -22*h. Calculate the remainder when h is divided by 12.
9
Suppose 0*n + 3*t - 115 = -5*n, 50 = 3*n - 2*t. Calculate the remainder when ((-6)/18)/(1/(-177)) is divided by n.
19
Let z(r) = 1 + r**2 + 5*r - 16*r + 0*r**2. What is the remainder when 3 is divided by z(11)?
0
Suppose 5*a - 91 = 4. Calculate the remainder when a is divided by 12.
7
Let a be ((-1)/1)/((-2)/78). Let o(s) = -4*s + 10. What is the remainder when o(-7) is divided by ((-4)/(-6))/(2/a)?
12
Suppose 0 = 21*z - 25*z + 16. What is the remainder when 4 is divided by z?
0
Suppose -78 = -3*r + 21. What is the remainder when r is divided by 18?
15
Let r(k) = -2*k**3 - 2*k**2 - k. Suppose -2*w = 2*w + 8. Let m be r(w). Let o = m - 3. What is the remainder when 20 is divided by o?
6
Suppose 4*t + 16 = 96. Calculate the remainder when 78 is divided by t.
18
Suppose -4*t + 63 = -t. Calculate the remainder when 61 is divided by t.
19
Let u(h) = -3*h - 7 - 5*h + 2*h**2 - 5 + 2*h. What is the remainder when 70 is divided by u(6)?
22
Calculate the remainder when 81 is divided by (13/2 + -3)*6.
18
Let t = -24 + 35. Let n = t + -1. Calculate the remainder when n is divided by 4.
2
Suppose -30 = -6*b + 4*b. Let v(q) = -q**3 + 8*q**2 + 9*q + 8. What is the remainder when -35*(1 - 21/b) is divided by v(9)?
6
Suppose -3*g - v = -53, -5*g + v + v + 70 = 0. Suppose 16 = 2*b - 4*a, -a - g = -2*b - 4*a. Let x(h) = 6*h - 1. What is the remainder when b is divided by x(1)?
3
Calculate the remainder when 102 is divided by 0 + (-4 - 0) + 25.
18
Suppose 0 = 5*k - 4*w - 62, 5*w = k + 2*k - 32. Let v = -3 + 11. Calculate the remainder when k is divided by v.
6
Let k = 63 - 35. What is the remainder when 79 is divided by k?
23
Let k(q) = -3*q + 4. Let t = -2 - -10. What is the remainder when k(-3) is divided by t?
5
Let q = 27 - -12. Let n = 0 + 14. Calculate the remainder when q is divided by n.
11
Let i = 139 - 87. What is the remainder when i is divided by 14?
10
Let i(p) = -p**3 - 8*p**2 - 9*p - 9. Let t be i(-7). Suppose 2*k = 2*c + 14, 3*k - t*k = 5*c. What is the remainder when 17 is divided by k?
2
Let t = -9 - 715. Let b be t/(-10) - (-4)/(-10). Suppose -i - l = -9, i - 5*l - b = -3*i. Calculate the remainder when 24 is divided by i.
11
Suppose -102 = -2*b + 2. Suppose 2*x + 4*r = 66, 0*r = -3*x - 2*r + 79. What is the remainder when x is divided by ((-3)/6)/((-2)/b)?
10
Suppose -2*v - d = -34 - 56, 5*v - 5*d = 210. Suppose -39 = -2*c + 3*f + v, 77 = 3*c + 5*f. What is the remainder when c is divided by 12?
10
Let x(k) = -k**3 + 7*k**2 - 2*k. Calculate the remainder when x(4) is divided by 14.
12
Let j(l) = l**3 - 4*l + 2. Let f = 1 - -4. Suppose f*w = -s + 33, 0*w = 2*s - 2*w - 66. Calculate the remainder when s is divided by j(3).
16
Calculate the remainder when 23 is divided by -3 + 15 + 0/(-1).
11
Suppose -p = 3*b - 101, -3*b - 36 + 129 = -3*p. Calculate the remainder when 96 is divided by b.
30
Let d be -2 - ((-24)/2 - -2). Let y(i) = 4*i - 12. What is the remainder when y(d) is divided by (-22)/(7/((-21)/6))?
9
Let r(u) = -u**2 + 9. What is the remainder when r(0) is divided by 4?
1
Suppose 5 = i - 0. Let z = 64 + -18. Suppose i*b = -3*u + z, -b + 5*b - 53 = 3*u. What is the remainder when 20 is divided by b?
9
Let b(v) = v**3 - 5*v**2 - 5*v - 3. Let r be b(6). Suppose -5*h + 2*w = -w - 16, h = -r*w - 4. What is the remainder when h is divided by 2?
0
Suppose -j - 2*v + 0 = -2, -v - 19 = -2*j. Let k = 210 + -181. Calculate the remainder when k is divided by j.
5
Let j(b) = -b + 19. Let m be j(-9). Suppose 15*a - m = 13*a. Calculate the remainder when 41 is divided by a.
13
Suppose 3*m - 3*a = -6*a + 99, a = -1. What is the remainder when 66 is divided by m?
32
Let j(f) = f**2 + 3*f - 1. Let h = -8 - 0. Calculate the remainder when j(-6) is divided by (-1)/(-4) - 70/h.
8
Suppose n + 2 = 3*u + 15, 2*n + 5*u = 26. What is the remainder when 38 is divided by n?
12
What is the remainder when 4/(-8)*-30 - 3 is divided by (-2)/5 - (-74)/10?
5
Let x(v) = v**3 + 2*v**2 - 5*v - 4. Suppose -2*i = -4*j - 0 - 14, -i - 28 = 5*j. What is the remainder when 3 is divided by x(i)?
1
Suppose 0 = 3*k - 5*k + 44. What is the remainder when 174 is divided by k?
20
Let j(g) = g**3 + 2*g**2 - 2*g + 10. Suppose 2*h = 3 + 169. What is the remainder when h is divided by j(2)?
20
Let d = -5 + 8. Suppose a - 2 = -a, d*w - 4*a - 5 = 0. Suppose 35 = 8*n - w*n. Calculate the remainder when 26 is divided by n.
5
Let s(h) = 5*h**2 - 24*h - 4. Let m(a) = -2*a**2 + 8*a + 1. Let y(f) = -11*m(f) - 4*s(f). Calculate the remainder when y(-6) is divided by 16.
13
Let m = 56 - 27. Suppose 4*a = b + b + 8, 5*a - 14 = 3*b. Let d = b + m. What is the remainder when d is divided by 11?
10
Let f = -5 - -9. Suppose -5 = f*a - 109. Let z = 14 - 5. Calculate the remainder when a is divided by z.
8
Let p be 2/8 - (-3)/4. Let g be -6*p*(-1)/2. Suppose 0 = -2*a - 3*o + 37, -a + 2*o + 50 = g*a. Calculate the remainder when 26 is divided by a.
12
Let h(y) = y**3 - 2*y**2 - 4*y + 3. Let u be h(3). Let a(v) = v**3 + v + 9. Let w = -56 + 82. Calculate the remainder when w is divided by a(u).
8
Let b(a) = -a**2 - 20*a - 84. What is the remainder when 69 is divided by b(-13)?
6
Let f = 11 + -8. Let j = 6 - f. Suppose 4*h + 59 = j*w, 0*w - w - 3*h = -11. What is the remainder when w is divided by 6?
5
Calculate the remainder when 190/20*(-1 + 5) is divided by 26.
12
Suppose 0 = 2*j - 3*j. Let o be j/(-9) - -17*10. Calculate the remainder when 33 is divided by (2/(-4))/((-5)/o).
16
Let r be -3 - (-129 + 3) - -2. Suppose 4*q - 2*o - 106 = 0, 5*q - r = 2*o - o. What is the remainder when q is divided by -1*3*13/(-3)?
11
Suppose -2*d + 19 = -5*k, 0 = d + k + 2*k - 26. What is the remainder when d is divided by 2?
1
Suppose 2*i - 